{"id":2185,"date":"2022-09-10T16:22:55","date_gmt":"2022-09-10T19:22:55","guid":{"rendered":"https:\/\/www.alphatek.com.br\/?page_id=2185"},"modified":"2023-05-02T22:31:46","modified_gmt":"2023-05-03T01:31:46","slug":"telemetria","status":"publish","type":"page","link":"https:\/\/www.alphatek.com.br\/index.php\/telemetria\/","title":{"rendered":"Telemetria"},"content":{"rendered":"<p>[vc_row parallax=&#8221;content-moving&#8221; css=&#8221;.vc_custom_1683077393517{padding-top: 80px !important;padding-right: 80px !important;padding-bottom: 80px !important;padding-left: 80px !important;background: #dddddd url(http:\/\/www.alphatek.com.br\/wp-content\/uploads\/2023\/01\/Captura-de-Tela-2022-08-22-as-19.42.01.jpg?id=2346);background-position: center;background-repeat: no-repeat !important;background-size: cover !important;}&#8221;][vc_column width=&#8221;1\/4&#8243;][\/vc_column][vc_column width=&#8221;1\/2&#8243;][vc_custom_heading text=&#8221;Telemetria&#8221; font_container=&#8221;tag:h1|font_size:2.875rem|text_align:center|color:%235ed608&#8243; use_theme_fonts=&#8221;yes&#8221;][vc_empty_space height=&#8221;10px&#8221;][vc_custom_heading text=&#8221;Transforme dados em a\u00e7\u00e3o com os pain\u00e9is de telemetria Alphatek&#8221; font_container=&#8221;tag:div|text_align:center|color:%23000000&#8243; use_theme_fonts=&#8221;yes&#8221;][\/vc_column][vc_column width=&#8221;1\/4&#8243;][\/vc_column][\/vc_row][vc_row][vc_column offset=&#8221;vc_hidden-sm vc_hidden-xs&#8221;][vc_widget_sidebar sidebar_id=&#8221;sidebar-5b6cfa681b024&#8243;][\/vc_column][\/vc_row][vc_row css=&#8221;.vc_custom_1536635902854{margin-bottom: 60px !important;padding-top: 60px !important;}&#8221;][vc_column css_animation=&#8221;fadeInLeft&#8221; width=&#8221;1\/2&#8243; offset=&#8221;vc_col-xs-6&#8243;][vc_custom_heading text=&#8221;A Alphatek Engenharia oferece solu\u00e7\u00f5es avan\u00e7adas de telemetria para otimizar seus processos industriais. Conhe\u00e7a nossos pain\u00e9is e aumente a efici\u00eancia de sua empresa.&#8221; use_theme_fonts=&#8221;yes&#8221;][vc_empty_space height=&#8221;40px&#8221;][vc_column_text]Os pain\u00e9is de telemetria da Alphatek Engenharia s\u00e3o solu\u00e7\u00f5es completas e inovadoras para monitoramento remoto em diversas \u00e1reas de aplica\u00e7\u00e3o, tais como saneamento, energia, minera\u00e7\u00e3o, agricultura e ind\u00fastrias em geral. Esses pain\u00e9is s\u00e3o projetados com tecnologia de \u00faltima gera\u00e7\u00e3o para oferecer aos nossos clientes uma ampla gama de funcionalidades e benef\u00edcios.<\/p>\n<p>Com os pain\u00e9is de telemetria da Alphatek, \u00e9 poss\u00edvel monitorar e controlar diversas vari\u00e1veis, tais como n\u00edvel de l\u00edquidos, temperatura, press\u00e3o, vaz\u00e3o, entre outras. Isso permite que nossos clientes tomem decis\u00f5es mais precisas e r\u00e1pidas em suas opera\u00e7\u00f5es, o que se traduz em maior efici\u00eancia, produtividade e rentabilidade.<\/p>\n<p>Al\u00e9m disso, nossos pain\u00e9is de telemetria s\u00e3o configur\u00e1veis e personaliz\u00e1veis de acordo com as necessidades de cada cliente, permitindo que sejam integrados a outros sistemas j\u00e1 existentes. Tamb\u00e9m dispomos de servi\u00e7os de suporte e assist\u00eancia t\u00e9cnica, garantindo a plena funcionalidade e confiabilidade dos equipamentos.<\/p>\n<p>Com as solu\u00e7\u00f5es de telemetria da Alphatek Engenharia, \u00e9 poss\u00edvel ter um controle completo e integrado das opera\u00e7\u00f5es, permitindo que nossos clientes maximizem a efici\u00eancia dos seus processos e minimizem os riscos de falhas e paralisa\u00e7\u00f5es.<\/p>\n<p>Invista em tecnologia de ponta e garanta a excel\u00eancia em suas opera\u00e7\u00f5es. Conhe\u00e7a nossos pain\u00e9is de telemetria e todas as vantagens que eles podem oferecer para o seu neg\u00f3cio.[\/vc_column_text][\/vc_column][vc_column css_animation=&#8221;fadeInRight&#8221; width=&#8221;1\/2&#8243; offset=&#8221;vc_col-xs-6&#8243;][vc_column_text]Os pain\u00e9is de telemetria da Alphatek Engenharia utilizam diferentes tipos de comunica\u00e7\u00e3o, como a comunica\u00e7\u00e3o via Modbus, que \u00e9 um protocolo de comunica\u00e7\u00e3o serial que permite a troca de informa\u00e7\u00f5es entre dispositivos eletr\u00f4nicos de diferentes fabricantes. Tamb\u00e9m \u00e9 poss\u00edvel realizar a comunica\u00e7\u00e3o via Ethernet, permitindo a conex\u00e3o com redes de dados e a utiliza\u00e7\u00e3o de servi\u00e7os de comunica\u00e7\u00e3o remota.<\/p>\n<p>Outra forma de comunica\u00e7\u00e3o utilizada pelos nossos pain\u00e9is \u00e9 a comunica\u00e7\u00e3o via r\u00e1dio frequ\u00eancia, que \u00e9 muito \u00fatil em casos onde a instala\u00e7\u00e3o de cabos \u00e9 invi\u00e1vel. Os pain\u00e9is tamb\u00e9m podem ser configurados para enviar informa\u00e7\u00f5es por meio de mensagens de texto ou e-mails, garantindo que o usu\u00e1rio tenha acesso a todas as informa\u00e7\u00f5es necess\u00e1rias em tempo real.<\/p>\n<p>Esses s\u00e3o apenas alguns exemplos das possibilidades de comunica\u00e7\u00e3o dos nossos pain\u00e9is de telemetria. Eles podem ser personalizados de acordo com as necessidades de cada projeto e garantem a confiabilidade e seguran\u00e7a das informa\u00e7\u00f5es transmitidas.[\/vc_column_text][\/vc_column][\/vc_row]<\/p>\n","protected":false},"excerpt":{"rendered":"<p>[vc_row parallax=&#8221;content-moving&#8221; css=&#8221;.vc_custom_1683077393517{padding-top: 80px !important;padding-right: 80px !important;padding-bottom: 80px !important;padding-left: 80px !important;background: #dddddd url(http:\/\/www.alphatek.com.br\/wp-content\/uploads\/2023\/01\/Captura-de-Tela-2022-08-22-as-19.42.01.jpg?id=2346);background-position: center;background-repeat: no-repeat !important;background-size: cover !important;}&#8221;][vc_column width=&#8221;1\/4&#8243;][\/vc_column][vc_column width=&#8221;1\/2&#8243;][vc_custom_heading text=&#8221;Telemetria&#8221; font_container=&#8221;tag:h1|font_size:2.875rem|text_align:center|color:%235ed608&#8243; use_theme_fonts=&#8221;yes&#8221;][vc_empty_space height=&#8221;10px&#8221;][vc_custom_heading text=&#8221;Transforme dados em a\u00e7\u00e3o com os pain\u00e9is de telemetria Alphatek&#8221; font_container=&#8221;tag:div|text_align:center|color:%23000000&#8243; use_theme_fonts=&#8221;yes&#8221;][\/vc_column][vc_column width=&#8221;1\/4&#8243;][\/vc_column][\/vc_row][vc_row][vc_column offset=&#8221;vc_hidden-sm vc_hidden-xs&#8221;][vc_widget_sidebar sidebar_id=&#8221;sidebar-5b6cfa681b024&#8243;][\/vc_column][\/vc_row][vc_row css=&#8221;.vc_custom_1536635902854{margin-bottom: 60px !important;padding-top: 60px !important;}&#8221;][vc_column css_animation=&#8221;fadeInLeft&#8221; width=&#8221;1\/2&#8243; offset=&#8221;vc_col-xs-6&#8243;][vc_custom_heading text=&#8221;A Alphatek Engenharia oferece solu\u00e7\u00f5es avan\u00e7adas de [&hellip;]<\/p>\n","protected":false},"author":1,"featured_media":0,"parent":0,"menu_order":0,"comment_status":"closed","ping_status":"closed","template":"tmpl\/template-fullwidth.php","meta":{"_themeisle_gutenberg_block_has_review":false,"footnotes":""},"class_list":["post-2185","page","type-page","status-publish","hentry"],"acf":[],"_links":{"self":[{"href":"https:\/\/www.alphatek.com.br\/index.php\/wp-json\/wp\/v2\/pages\/2185","targetHints":{"allow":["GET"]}}],"collection":[{"href":"https:\/\/www.alphatek.com.br\/index.php\/wp-json\/wp\/v2\/pages"}],"about":[{"href":"https:\/\/www.alphatek.com.br\/index.php\/wp-json\/wp\/v2\/types\/page"}],"author":[{"embeddable":true,"href":"https:\/\/www.alphatek.com.br\/index.php\/wp-json\/wp\/v2\/users\/1"}],"replies":[{"embeddable":true,"href":"https:\/\/www.alphatek.com.br\/index.php\/wp-json\/wp\/v2\/comments?post=2185"}],"version-history":[{"count":9,"href":"https:\/\/www.alphatek.com.br\/index.php\/wp-json\/wp\/v2\/pages\/2185\/revisions"}],"predecessor-version":[{"id":2433,"href":"https:\/\/www.alphatek.com.br\/index.php\/wp-json\/wp\/v2\/pages\/2185\/revisions\/2433"}],"wp:attachment":[{"href":"https:\/\/www.alphatek.com.br\/index.php\/wp-json\/wp\/v2\/media?parent=2185"}],"curies":[{"name":"wp","href":"https:\/\/api.w.org\/{rel}","templated":true}]}}