{"id":2182,"date":"2022-09-10T16:22:26","date_gmt":"2022-09-10T19:22:26","guid":{"rendered":"https:\/\/www.alphatek.com.br\/?page_id=2182"},"modified":"2023-05-02T22:32:44","modified_gmt":"2023-05-03T01:32:44","slug":"paineis-para-esgoto","status":"publish","type":"page","link":"https:\/\/www.alphatek.com.br\/index.php\/paineis-para-esgoto\/","title":{"rendered":"Pain\u00e9is para esgoto"},"content":{"rendered":"<p>[vc_row parallax=&#8221;content-moving&#8221; css=&#8221;.vc_custom_1683077563000{padding-top: 80px !important;padding-right: 80px !important;padding-bottom: 80px !important;padding-left: 80px !important;background: #dddddd url(http:\/\/www.alphatek.com.br\/wp-content\/uploads\/2023\/04\/wastewater-treatment-plant-tanks-reservoir-aeration-biological-purification-sewage-wastewater-treatment-plant-155477488-1.jpg?id=2421);background-position: center;background-repeat: no-repeat !important;background-size: cover !important;}&#8221;][vc_column width=&#8221;1\/4&#8243;][\/vc_column][vc_column width=&#8221;1\/2&#8243;][vc_custom_heading text=&#8221;Pain\u00e9is para esgoto&#8221; font_container=&#8221;tag:h2|font_size:2.875rem|text_align:center|color:%23ffffff&#8221; use_theme_fonts=&#8221;yes&#8221;][vc_empty_space height=&#8221;10px&#8221;][vc_custom_heading text=&#8221;Solu\u00e7\u00f5es em Pain\u00e9is para Tratamento de Esgoto&#8221; font_container=&#8221;tag:div|text_align:center|color:%23ffffff&#8221; use_theme_fonts=&#8221;yes&#8221;][\/vc_column][vc_column width=&#8221;1\/4&#8243;][\/vc_column][\/vc_row][vc_row][vc_column offset=&#8221;vc_hidden-sm vc_hidden-xs&#8221;][vc_widget_sidebar sidebar_id=&#8221;sidebar-5b6cfa681b024&#8243;][\/vc_column][\/vc_row][vc_row css=&#8221;.vc_custom_1536635902854{margin-bottom: 60px !important;padding-top: 60px !important;}&#8221;][vc_column css_animation=&#8221;fadeInLeft&#8221; width=&#8221;1\/2&#8243; offset=&#8221;vc_col-xs-6&#8243;][vc_custom_heading text=&#8221;Automatize seu sistema de tratamento de esgoto com nossos pain\u00e9is de alta tecnologia e garanta a efici\u00eancia e seguran\u00e7a operacional.&#8221; use_theme_fonts=&#8221;yes&#8221;][vc_empty_space height=&#8221;40px&#8221;][vc_column_text]Com o objetivo de oferecer solu\u00e7\u00f5es completas e integradas para o setor de saneamento, a Alphatek Engenharia desenvolveu uma linha de pain\u00e9is el\u00e9tricos espec\u00edficos para esta\u00e7\u00f5es de tratamento e eleva\u00e7\u00e3o de esgoto.<\/p>\n<p>Nossos pain\u00e9is s\u00e3o projetados e fabricados seguindo as mais rigorosas normas t\u00e9cnicas e de seguran\u00e7a do mercado, garantindo qualidade e efici\u00eancia em todas as fases do processo.<\/p>\n<p>Contamos com uma equipe de profissionais altamente capacitados para desenvolver solu\u00e7\u00f5es customizadas para atender \u00e0s necessidades espec\u00edficas de cada cliente. Desde a fase de projeto at\u00e9 a instala\u00e7\u00e3o, nossos t\u00e9cnicos est\u00e3o presentes em todas as etapas, garantindo o sucesso do projeto e a satisfa\u00e7\u00e3o do cliente.<\/p>\n<p>Nosso sistema de automa\u00e7\u00e3o embarcada permite o monitoramento e controle do processo de tratamento de esgoto, al\u00e9m de oferecer recursos de detec\u00e7\u00e3o de falhas e manuten\u00e7\u00e3o preventiva. Utilizamos tecnologias avan\u00e7adas e solu\u00e7\u00f5es chave na m\u00e3o para otimizar o desempenho do sistema e reduzir os custos de opera\u00e7\u00e3o.<\/p>\n<p>Tamb\u00e9m oferecemos o Sistema Integrado de Gest\u00e3o de Esgoto (SIGE), que permite o gerenciamento completo do sistema de tratamento de esgoto, desde a capta\u00e7\u00e3o at\u00e9 a distribui\u00e7\u00e3o.<\/p>\n<p>Os pain\u00e9is el\u00e9tricos da Alphatek Engenharia para tratamento de esgoto s\u00e3o a solu\u00e7\u00e3o ideal para garantir a efici\u00eancia e seguran\u00e7a operacional em qualquer sistema de tratamento, contribuindo para a preserva\u00e7\u00e3o do meio ambiente e a melhoria da qualidade de vida da popula\u00e7\u00e3o.[\/vc_column_text][\/vc_column][vc_column css_animation=&#8221;fadeInRight&#8221; width=&#8221;1\/2&#8243; offset=&#8221;vc_col-xs-6&#8243;][vc_column_text]Nossos pain\u00e9is para saneamento de esgoto possuem especifica\u00e7\u00f5es t\u00e9cnicas espec\u00edficas para esse tipo de aplica\u00e7\u00e3o, garantindo maior efici\u00eancia e durabilidade.<\/p>\n<p>Para garantir a resist\u00eancia dos materiais, os pain\u00e9is para esgoto s\u00e3o constru\u00eddos com componentes espec\u00edficos para resistir \u00e0 corros\u00e3o e umidade. Os gabinetes s\u00e3o fabricados em a\u00e7o inox ou em material pl\u00e1stico refor\u00e7ado, com acabamentos que protegem contra agentes agressivos presentes no esgoto.<\/p>\n<p>Outro diferencial dos nossos pain\u00e9is para esgoto \u00e9 a automa\u00e7\u00e3o embarcada, que inclui solu\u00e7\u00f5es de controle e monitoramento integradas, permitindo o acompanhamento em tempo real dos processos de tratamento de esgoto. Com isso, \u00e9 poss\u00edvel garantir maior efici\u00eancia no tratamento, reduzindo riscos de polui\u00e7\u00e3o e aumentando a qualidade do efluente final.<\/p>\n<p>Al\u00e9m disso, nossos pain\u00e9is para esgoto possuem uma solu\u00e7\u00e3o chave na m\u00e3o para praticamente todos os tipos de sistemas de tratamento de esgoto, incluindo elevat\u00f3rias, esta\u00e7\u00f5es de tratamento de esgoto compactas, de lodos ativados, entre outras.<\/p>\n<p>Na Alphatek Engenharia, priorizamos a qualidade e a seguran\u00e7a em nossas solu\u00e7\u00f5es de automa\u00e7\u00e3o para saneamento. Por isso, nossos pain\u00e9is para esgoto s\u00e3o desenvolvidos com os melhores materiais e tecnologias do mercado, garantindo efici\u00eancia, durabilidade e seguran\u00e7a operacional para nossos clientes.[\/vc_column_text][\/vc_column][\/vc_row]<\/p>\n","protected":false},"excerpt":{"rendered":"<p>[vc_row parallax=&#8221;content-moving&#8221; css=&#8221;.vc_custom_1683077563000{padding-top: 80px !important;padding-right: 80px !important;padding-bottom: 80px !important;padding-left: 80px !important;background: #dddddd url(http:\/\/www.alphatek.com.br\/wp-content\/uploads\/2023\/04\/wastewater-treatment-plant-tanks-reservoir-aeration-biological-purification-sewage-wastewater-treatment-plant-155477488-1.jpg?id=2421);background-position: center;background-repeat: no-repeat !important;background-size: cover !important;}&#8221;][vc_column width=&#8221;1\/4&#8243;][\/vc_column][vc_column width=&#8221;1\/2&#8243;][vc_custom_heading text=&#8221;Pain\u00e9is para esgoto&#8221; font_container=&#8221;tag:h2|font_size:2.875rem|text_align:center|color:%23ffffff&#8221; use_theme_fonts=&#8221;yes&#8221;][vc_empty_space height=&#8221;10px&#8221;][vc_custom_heading text=&#8221;Solu\u00e7\u00f5es em Pain\u00e9is para Tratamento de Esgoto&#8221; font_container=&#8221;tag:div|text_align:center|color:%23ffffff&#8221; use_theme_fonts=&#8221;yes&#8221;][\/vc_column][vc_column width=&#8221;1\/4&#8243;][\/vc_column][\/vc_row][vc_row][vc_column offset=&#8221;vc_hidden-sm vc_hidden-xs&#8221;][vc_widget_sidebar sidebar_id=&#8221;sidebar-5b6cfa681b024&#8243;][\/vc_column][\/vc_row][vc_row css=&#8221;.vc_custom_1536635902854{margin-bottom: 60px !important;padding-top: 60px !important;}&#8221;][vc_column css_animation=&#8221;fadeInLeft&#8221; width=&#8221;1\/2&#8243; offset=&#8221;vc_col-xs-6&#8243;][vc_custom_heading text=&#8221;Automatize seu sistema de tratamento de esgoto com [&hellip;]<\/p>\n","protected":false},"author":1,"featured_media":0,"parent":0,"menu_order":0,"comment_status":"closed","ping_status":"closed","template":"tmpl\/template-fullwidth.php","meta":{"_themeisle_gutenberg_block_has_review":false,"footnotes":""},"class_list":["post-2182","page","type-page","status-publish","hentry"],"acf":[],"_links":{"self":[{"href":"https:\/\/www.alphatek.com.br\/index.php\/wp-json\/wp\/v2\/pages\/2182","targetHints":{"allow":["GET"]}}],"collection":[{"href":"https:\/\/www.alphatek.com.br\/index.php\/wp-json\/wp\/v2\/pages"}],"about":[{"href":"https:\/\/www.alphatek.com.br\/index.php\/wp-json\/wp\/v2\/types\/page"}],"author":[{"embeddable":true,"href":"https:\/\/www.alphatek.com.br\/index.php\/wp-json\/wp\/v2\/users\/1"}],"replies":[{"embeddable":true,"href":"https:\/\/www.alphatek.com.br\/index.php\/wp-json\/wp\/v2\/comments?post=2182"}],"version-history":[{"count":7,"href":"https:\/\/www.alphatek.com.br\/index.php\/wp-json\/wp\/v2\/pages\/2182\/revisions"}],"predecessor-version":[{"id":2434,"href":"https:\/\/www.alphatek.com.br\/index.php\/wp-json\/wp\/v2\/pages\/2182\/revisions\/2434"}],"wp:attachment":[{"href":"https:\/\/www.alphatek.com.br\/index.php\/wp-json\/wp\/v2\/media?parent=2182"}],"curies":[{"name":"wp","href":"https:\/\/api.w.org\/{rel}","templated":true}]}}